97
What are the prime factors of 12668?
2, 3167
List the prime factors of 36626.
2, 18313
What are the prime factors of 721?
7, 103
List the prime factors of 1127.
7, 23
List the prime factors of 42565.
5, 8513
List the prime factors of 46644.
2, 3, 13, 23
What are the prime factors of 109098?
2, 3, 11, 19, 29
List the prime factors of 15434.
2, 7717
List the prime factors of 7068.
2, 3, 19, 31
What are the prime factors of 3569?
43, 83
List the prime factors of 44188.
2, 11047
List the prime factors of 364.
2, 7, 13
What are the prime factors of 1171?
1171
What are the prime factors of 8579?
23, 373
List the prime factors of 1046.
2, 523
What are the prime factors of 487?
487
What are the prime factors of 9639?
3, 7, 17
What are the prime factors of 3288?
2, 3, 137
What are the prime factors of 89163?
3, 9907
List the prime factors of 3935.
5, 787
List the prime factors of 494.
2, 13, 19
What are the prime factors of 5553?
3, 617
What are the prime factors of 214?
2, 107
List the prime factors of 306.
2, 3, 17
List the prime factors of 4149.
3, 461
What are the prime factors of 2920?
2, 5, 73
What are the prime factors of 5152?
2, 7, 23
What are the prime factors of 3267?
3, 11
List the prime factors of 3421.
11, 311
What are the prime factors of 48429?
3, 5381
List the prime factors of 551.
19, 29
What are the prime factors of 560?
2, 5, 7
What are the prime factors of 33867?
3, 53, 71
List the prime factors of 412.
2, 103
What are the prime factors of 1169?
7, 167
List the prime factors of 270.
2, 3, 5
What are the prime factors of 38069?
38069
List the prime factors of 77.
7, 11
What are the prime factors of 5747?
7, 821
What are the prime factors of 3447?
3, 383
What are the prime factors of 21370?
2, 5, 2137
What are the prime factors of 5078?
2, 2539
List the prime factors of 1048.
2, 131
What are the prime factors of 27681?
3, 9227
List the prime factors of 67.
67
List the prime factors of 154.
2, 7, 11
List the prime factors of 4015.
5, 11, 73
List the prime factors of 521.
521
What are the prime factors of 91926?
2, 3, 5107
List the prime factors of 3604.
2, 17, 53
What are the prime factors of 26005?
5, 7, 743
What are the prime factors of 879?
3, 293
What are the prime factors of 59?
59
List the prime factors of 36851.
43, 857
What are the prime factors of 22339?
89, 251
What are the prime factors of 2543?
2543
List the prime factors of 12181.
13, 937
What are the prime factors of 295?
5, 59
What are the prime factors of 8470?
2, 5, 7, 11
What are the prime factors of 43048?
2, 5381
What are the prime factors of 2444?
2, 13, 47
What are the prime factors of 137?
137
List the prime factors of 19250.
2, 5, 7, 11
What are the prime factors of 5003?
5003
List the prime factors of 12179.
19, 641
What are the prime factors of 6641?
29, 229
What are the prime factors of 3115?
5, 7, 89
List the prime factors of 466.
2, 233
What are the prime factors of 41051?
41051
List the prime factors of 2883.
3, 31
What are the prime factors of 26545?
5, 5309
List the prime factors of 36569.
13, 29, 97
What are the prime factors of 5887?
7, 29
List the prime factors of 5046.
2, 3, 29
What are the prime factors of 3145?
5, 17, 37
What are the prime factors of 23?
23
List the prime factors of 1764.
2, 3, 7
What are the prime factors of 4659?
3, 1553
What are the prime factors of 39073?
41, 953
What are the prime factors of 5731?
11, 521
What are the prime factors of 19652?
2, 17
List the prime factors of 6755.
5, 7, 193
List the prime factors of 623.
7, 89
List the prime factors of 24659.
24659
What are the prime factors of 14644?
2, 7, 523
What are the prime factors of 2745?
3, 5, 61
What are the prime factors of 2764?
2, 691
List the prime factors of 148.
2, 37
What are the prime factors of 3307?
3307
List the prime factors of 1442.
2, 7, 103
What are the prime factors of 80339?
7, 23, 499
What are the prime factors of 2508?
2, 3, 11, 19
List the prime factors of 5264.
2, 7, 47
List the prime factors of 52401.
3, 17467
List the prime factors of 5808.
2, 3, 11
List the prime factors of 55879.
17, 19, 173
List the prime factors of 873.
3, 97
What are the prime factors of 81?
3
List the prime factors of 4218.
2, 3, 19, 37
List the prime factors of 162794.
2, 23, 3539
What are the prime factors of 5025?
3, 5, 67
What are the prime factors of 175?
5, 7
List the prime factors of 106183.
7, 11, 197
What are the prime factors of 484?
2, 11
What are the prime factors of 123?
3, 41
What are the prime factors of 8585?
5, 17, 101
What are the prime factors of 705?
3, 5, 47
What are the prime factors of 2763?
3, 307
List the prime factors of 6351.
3, 29, 73
What are the prime factors of 1185?
3, 5, 79
What are the prime factors of 144?
2, 3
What are the prime factors of 6115?
5, 1223
What are the prime factors of 708?
2, 3, 59
What are the prime factors of 7038?
2, 3, 17, 23
List the prime factors of 6986.
2, 7, 499
List the prime factors of 75.
3, 5
List the prime factors of 183469.
11, 13, 1283
What are the prime factors of 59879?
59879
List the prime factors of 7287.
3, 7, 347
List the prime factors of 2161.
2161
List the prime factors of 4154.
2, 31, 67
What are the prime factors of 12749?
11, 19, 61
List the prime factors of 20299.
53, 383
List the prime factors of 32754.
2, 3, 53, 103
List the prime factors of 237.
3, 79
List the prime factors of 31304.
2, 7, 13, 43
What are the prime factors of 59097?
3, 19699
What are the prime factors of 1487?
1487
What are the prime factors of 8227?
19, 433
List the prime factors of 4330.
2, 5, 433
List the prime factors of 6698.
2, 17, 197
What are the prime factors of 9428?
2, 2357
What are the prime factors of 128945?
5, 17, 37, 41
What are the prime factors of 4097?
17, 241
List the prime factors of 17424.
2, 3, 11
List the prime factors of 3233.
53, 61
What are the prime factors of 798?
2, 3, 7, 19
List the prime factors of 159763.
159763
List the prime factors of 46295.
5, 47, 197
List the prime factors of 79786.
2, 7, 41, 139
List the prime factors of 5459.
53, 103
List the prime factors of 363.
3, 11
What are the prime factors of 858?
2, 3, 11, 13
List the prime factors of 8695.
5, 37, 47
What are the prime factors of 277?
277
What are the prime factors of 20320?
2, 5, 127
What are the prime factors of 2223?
3, 13, 19
What are the prime factors of 101?
101
List the prime factors of 6737.
6737
List the prime factors of 19945.
5, 3989
List the prime factors of 45965.
5, 29, 317
What are the prime factors of 155730?
2, 3, 5, 29, 179
List the prime factors of 29185.
5, 13, 449
List the prime factors of 1080.
2, 3, 5
List the prime factors of 1019.
1019
What are the prime factors of 981?
3, 109
What are the prime factors of 6046?
2, 3023
List the prime factors of 2072.
2, 7, 37
List the prime factors of 80063.
23, 59
List the prime factors of 9011.
9011
What are the prime factors of 4994?
2, 11, 227
List the prime factors of 4540.
2, 5, 227
What are the prime factors of 160284?
2, 3, 19, 37
List the prime factors of 27276.
2, 3, 2273
What are the prime factors of 4667?
13, 359
List the prime factors of 25542.
2, 3, 11, 43
List the prime factors of 317.
317
List the prime factors of 1700.
2, 5, 17
What are the prime factors of 2838?
2, 3, 11, 43
What are the prime factors of 3788?
2, 947
What are the prime factors of 72295?
5, 19, 761
List the prime factors of 12687.
3, 4229
What are the prime factors of 2918?
2, 1459
List the prime factors of 8018.
2, 19, 211
List the prime factors of 184.
2, 23
What are the prime factors of 3155?
5, 631
List the prime factors of 2484.
2, 3, 23
List the prime factors of 1764.
2, 3, 7
What are the prime factors of 8486?
2, 4243
List the prime factors of 1804.
2, 11, 41
What are the prime factors of 2659?
2659
What are the prime factors of 923?
13, 71
List the prime factors of 19768.
2, 7, 353
What are the prime factors of 1227?
3, 409
List the prime factors of 817.
19, 43
What are the prime factors of 12236?
2, 7, 19, 23
List the prime factors of 47734.
2, 29, 823
List the prime factors of 3572.
2, 19, 47
List the prime factors of 251.
251
List the prime factors of 23761.
23761
What are the prime factors of 1191?
3, 397
List the prime factors of 11027.
11027
What are the prime fact